{"id":17,"date":"2014-06-12T14:46:31","date_gmt":"2014-06-12T13:46:31","guid":{"rendered":"https:\/\/zeminvest.cz\/?page_id=17"},"modified":"2014-06-12T14:46:31","modified_gmt":"2014-06-12T13:46:31","slug":"home","status":"publish","type":"page","link":"https:\/\/zeminvest.cz\/","title":{"rendered":"Home"},"content":{"rendered":"<p style=\"text-align: left\">Zem\u011bd\u011blsk\u00e1 spole\u010dnost ZEM-INVEST a.s hospoda\u0159\u00ed na 1700 ha zem\u011bd\u011blsk\u00e9 p\u016fdy v okrese Rakovn\u00edk. Spole\u010dnost p\u011bstuje na 1000 ha obiloviny, na 300 ha \u0159epku a d\u00e1le krmn\u00e9 plodiny. Je v\u00fdznamn\u00fdm producentem chmele, kter\u00fd je p\u011bstov\u00e1n na 100 ha . V \u017eivo\u010di\u0161n\u00e9 v\u00fdrob\u011b je prov\u00e1d\u011bn v\u00fdkrm skotu. Spole\u010dnost hospoda\u0159\u00ed na p\u011bti katastr\u00e1ln\u00edch \u00fazem\u00ed a to Mut\u011bjovice, Lhota pod D\u017eb\u00e1nem, Nesuchyn\u011b, H\u0159edle, Krup\u00e1. D\u00e1le prov\u00e1d\u00ed ve vlastn\u00edch d\u00edln\u00e1ch oprav\u00e1renskou \u010dinnost ve\u0161ker\u00e9 zem\u011bd\u011blsk\u00e9 techniky.<\/p>\n","protected":false},"excerpt":{"rendered":"<p>Zem\u011bd\u011blsk\u00e1 spole\u010dnost ZEM-INVEST a.s hospoda\u0159\u00ed na 1700 ha zem\u011bd\u011blsk\u00e9 p\u016fdy v okrese Rakovn\u00edk. Spole\u010dnost p\u011bstuje na 1000 ha obiloviny, na 300 ha \u0159epku a d\u00e1le krmn\u00e9 plodiny. Je v\u00fdznamn\u00fdm producentem chmele, kter\u00fd je p\u011bstov\u00e1n na 100 ha . V \u017eivo\u010di\u0161n\u00e9 &hellip; <a href=\"https:\/\/zeminvest.cz\/\">Continued<\/a><\/p>\n","protected":false},"author":1,"featured_media":0,"parent":0,"menu_order":0,"comment_status":"open","ping_status":"open","template":"","meta":{"footnotes":""},"class_list":["post-17","page","type-page","status-publish","hentry"],"yoast_head":"<!-- This site is optimized with the Yoast SEO plugin v27.2 - https:\/\/yoast.com\/product\/yoast-seo-wordpress\/ -->\n<title>Home - Zeminvest a.s.<\/title>\n<meta name=\"robots\" content=\"index, follow, max-snippet:-1, max-image-preview:large, max-video-preview:-1\" \/>\n<link rel=\"canonical\" href=\"https:\/\/zeminvest.cz\/\" \/>\n<meta property=\"og:locale\" content=\"cs_CZ\" \/>\n<meta property=\"og:type\" content=\"article\" \/>\n<meta property=\"og:title\" content=\"Home - Zeminvest a.s.\" \/>\n<meta property=\"og:description\" content=\"Zem\u011bd\u011blsk\u00e1 spole\u010dnost ZEM-INVEST a.s hospoda\u0159\u00ed na 1700 ha zem\u011bd\u011blsk\u00e9 p\u016fdy v okrese Rakovn\u00edk. Spole\u010dnost p\u011bstuje na 1000 ha obiloviny, na 300 ha \u0159epku a d\u00e1le krmn\u00e9 plodiny. Je v\u00fdznamn\u00fdm producentem chmele, kter\u00fd je p\u011bstov\u00e1n na 100 ha . V \u017eivo\u010di\u0161n\u00e9 &hellip; Continued\" \/>\n<meta property=\"og:url\" content=\"https:\/\/zeminvest.cz\/\" \/>\n<meta property=\"og:site_name\" content=\"Zeminvest a.s.\" \/>\n<meta name=\"twitter:card\" content=\"summary_large_image\" \/>\n<meta name=\"twitter:label1\" content=\"Odhadovan\u00e1 doba \u010dten\u00ed\" \/>\n\t<meta name=\"twitter:data1\" content=\"1 minuta\" \/>\n<script type=\"application\/ld+json\" class=\"yoast-schema-graph\">{\"@context\":\"https:\/\/schema.org\",\"@graph\":[{\"@type\":\"WebPage\",\"@id\":\"https:\/\/zeminvest.cz\/\",\"url\":\"https:\/\/zeminvest.cz\/\",\"name\":\"Home - Zeminvest a.s.\",\"isPartOf\":{\"@id\":\"https:\/\/zeminvest.cz\/#website\"},\"datePublished\":\"2014-06-12T13:46:31+00:00\",\"breadcrumb\":{\"@id\":\"https:\/\/zeminvest.cz\/#breadcrumb\"},\"inLanguage\":\"cs\",\"potentialAction\":[{\"@type\":\"ReadAction\",\"target\":[\"https:\/\/zeminvest.cz\/\"]}]},{\"@type\":\"BreadcrumbList\",\"@id\":\"https:\/\/zeminvest.cz\/#breadcrumb\",\"itemListElement\":[{\"@type\":\"ListItem\",\"position\":1,\"name\":\"Dom\u016f\",\"item\":\"https:\/\/zeminvest.cz\/\"},{\"@type\":\"ListItem\",\"position\":2,\"name\":\"Home\"}]},{\"@type\":\"WebSite\",\"@id\":\"https:\/\/zeminvest.cz\/#website\",\"url\":\"https:\/\/zeminvest.cz\/\",\"name\":\"Zeminvest a.s.\",\"description\":\"\",\"potentialAction\":[{\"@type\":\"SearchAction\",\"target\":{\"@type\":\"EntryPoint\",\"urlTemplate\":\"https:\/\/zeminvest.cz\/?s={search_term_string}\"},\"query-input\":{\"@type\":\"PropertyValueSpecification\",\"valueRequired\":true,\"valueName\":\"search_term_string\"}}],\"inLanguage\":\"cs\"}]}<\/script>\n<!-- \/ Yoast SEO plugin. -->","yoast_head_json":{"title":"Home - Zeminvest a.s.","robots":{"index":"index","follow":"follow","max-snippet":"max-snippet:-1","max-image-preview":"max-image-preview:large","max-video-preview":"max-video-preview:-1"},"canonical":"https:\/\/zeminvest.cz\/","og_locale":"cs_CZ","og_type":"article","og_title":"Home - Zeminvest a.s.","og_description":"Zem\u011bd\u011blsk\u00e1 spole\u010dnost ZEM-INVEST a.s hospoda\u0159\u00ed na 1700 ha zem\u011bd\u011blsk\u00e9 p\u016fdy v okrese Rakovn\u00edk. Spole\u010dnost p\u011bstuje na 1000 ha obiloviny, na 300 ha \u0159epku a d\u00e1le krmn\u00e9 plodiny. Je v\u00fdznamn\u00fdm producentem chmele, kter\u00fd je p\u011bstov\u00e1n na 100 ha . V \u017eivo\u010di\u0161n\u00e9 &hellip; Continued","og_url":"https:\/\/zeminvest.cz\/","og_site_name":"Zeminvest a.s.","twitter_card":"summary_large_image","twitter_misc":{"Odhadovan\u00e1 doba \u010dten\u00ed":"1 minuta"},"schema":{"@context":"https:\/\/schema.org","@graph":[{"@type":"WebPage","@id":"https:\/\/zeminvest.cz\/","url":"https:\/\/zeminvest.cz\/","name":"Home - Zeminvest a.s.","isPartOf":{"@id":"https:\/\/zeminvest.cz\/#website"},"datePublished":"2014-06-12T13:46:31+00:00","breadcrumb":{"@id":"https:\/\/zeminvest.cz\/#breadcrumb"},"inLanguage":"cs","potentialAction":[{"@type":"ReadAction","target":["https:\/\/zeminvest.cz\/"]}]},{"@type":"BreadcrumbList","@id":"https:\/\/zeminvest.cz\/#breadcrumb","itemListElement":[{"@type":"ListItem","position":1,"name":"Dom\u016f","item":"https:\/\/zeminvest.cz\/"},{"@type":"ListItem","position":2,"name":"Home"}]},{"@type":"WebSite","@id":"https:\/\/zeminvest.cz\/#website","url":"https:\/\/zeminvest.cz\/","name":"Zeminvest a.s.","description":"","potentialAction":[{"@type":"SearchAction","target":{"@type":"EntryPoint","urlTemplate":"https:\/\/zeminvest.cz\/?s={search_term_string}"},"query-input":{"@type":"PropertyValueSpecification","valueRequired":true,"valueName":"search_term_string"}}],"inLanguage":"cs"}]}},"_links":{"self":[{"href":"https:\/\/zeminvest.cz\/index.php?rest_route=\/wp\/v2\/pages\/17","targetHints":{"allow":["GET"]}}],"collection":[{"href":"https:\/\/zeminvest.cz\/index.php?rest_route=\/wp\/v2\/pages"}],"about":[{"href":"https:\/\/zeminvest.cz\/index.php?rest_route=\/wp\/v2\/types\/page"}],"author":[{"embeddable":true,"href":"https:\/\/zeminvest.cz\/index.php?rest_route=\/wp\/v2\/users\/1"}],"replies":[{"embeddable":true,"href":"https:\/\/zeminvest.cz\/index.php?rest_route=%2Fwp%2Fv2%2Fcomments&post=17"}],"version-history":[{"count":0,"href":"https:\/\/zeminvest.cz\/index.php?rest_route=\/wp\/v2\/pages\/17\/revisions"}],"wp:attachment":[{"href":"https:\/\/zeminvest.cz\/index.php?rest_route=%2Fwp%2Fv2%2Fmedia&parent=17"}],"curies":[{"name":"wp","href":"https:\/\/api.w.org\/{rel}","templated":true}]}}