{"id":9,"date":"2014-06-12T14:21:36","date_gmt":"2014-06-12T13:21:36","guid":{"rendered":"https:\/\/zeminvest.cz\/?page_id=9"},"modified":"2020-03-11T16:28:49","modified_gmt":"2020-03-11T15:28:49","slug":"organy-spolecnosti","status":"publish","type":"page","link":"https:\/\/zeminvest.cz\/?page_id=9","title":{"rendered":"Org\u00e1ny spole\u010dnosti"},"content":{"rendered":"<div class=\"su-row\"><div class=\"su-column su-column-size-1-3\"><div class=\"su-column-inner su-u-clearfix su-u-trim\"><strong>Statut\u00e1rn\u00ed org\u00e1n &#8211; p\u0159edstavenstvo:<\/strong><\/div><\/div> <div class=\"su-column su-column-size-2-3\"><div class=\"su-column-inner su-u-clearfix su-u-trim\">\n<p><strong>p\u0159edseda p\u0159edstavenstva:<\/strong><\/p>\n<p>Ing. ZDEN\u011aK ROSA, dat. nar. 3. \u010dervence 1952<br \/>\nNov\u00e1 294, 270 07 Mut\u011bjovice<br \/>\nDen vzniku funkce: 18. \u00fanora 2019<br \/>\nDen vzniku \u010dlenstv\u00ed: 18. \u00fanora 2019<\/p>\n<p><strong>\u010dlen p\u0159edstavenstva:<\/strong><\/p>\n<p>Ing. V\u00cdT FIALA, dat. nar. 8. srpna 1983<br \/>\nSevern\u00ed 472, 273 64 Doksy<br \/>\nDen vzniku \u010dlenstv\u00ed: 18. \u00fanora 2019 <\/div><\/div> <\/div>\n<div class=\"su-row\"><div class=\"su-column su-column-size-1-3\"><div class=\"su-column-inner su-u-clearfix su-u-trim\"><strong>Zp\u016fsob jedn\u00e1n\u00ed:<\/strong><\/div><\/div> <div class=\"su-column su-column-size-2-3\"><div class=\"su-column-inner su-u-clearfix su-u-trim\">Spole\u010dnost zastupuje ve v\u0161ech z\u00e1le\u017eitostech ka\u017ed\u00fd \u010dlen p\u0159edstavenstva samostatn\u011b.<\/div><\/div> <\/div>\n<div class=\"su-row\"><div class=\"su-column su-column-size-1-3\"><div class=\"su-column-inner su-u-clearfix su-u-trim\"><strong>Dozor\u010d\u00ed rada:<\/strong><\/div><\/div> <div class=\"su-column su-column-size-2-3\"><div class=\"su-column-inner su-u-clearfix su-u-trim\">\n<p><strong>p\u0159edseda dozor\u010d\u00ed rady:<\/strong><\/p>\n<p>Ing. EVA ROSOV\u00c1, dat. nar. 23. \u00fanora 1952<br \/>\nNov\u00e1 294, 270 07 Mut\u011bjovice<br \/>\nDen vzniku funkce: 18. \u00fanora 2019<br \/>\nDen vzniku \u010dlenstv\u00ed: 18. \u00fanora 2019<\/p>\n<p><strong>\u010dlen dozor\u010d\u00ed rady:<\/strong><\/p>\n<p>MUDr. VOJT\u011aCH FIALA, dat. nar. 26. kv\u011btna 1988<br \/>\nSportovc\u016f 36, 273 51 Bra\u0161kov<br \/>\nDen vzniku \u010dlenstv\u00ed: 18. \u00fanora 2019[\/column] [\/row]\n<div class=\"su-row\"><\/div><div class=\"su-column su-column-size-1-3\"><div class=\"su-column-inner su-u-clearfix su-u-trim\"><\/div><\/div><strong>Akcie:<\/strong><\/div><\/div> <div class=\"su-column su-column-size-2-3\"><div class=\"su-column-inner su-u-clearfix su-u-trim\">1 000 ks kmenov\u00e9 akcie na jm\u00e9no v listinn\u00e9 podob\u011b ve jmenovit\u00e9 hodnot\u011b 2 000,- K\u010d<br \/>\np\u0159evoditelnost akci\u00ed je omezena p\u0159edkupn\u00edm pr\u00e1vem dle \u010dl\u00e1nku 6, odst. 3. stanov spole\u010dnosti<\/div><\/div> <\/div>\n<div class=\"su-row\"><div class=\"su-column su-column-size-1-3\"><div class=\"su-column-inner su-u-clearfix su-u-trim\"><strong>Z\u00e1kladn\u00ed kapit\u00e1l:<\/strong><\/div><\/div> <div class=\"su-column su-column-size-2-3\"><div class=\"su-column-inner su-u-clearfix su-u-trim\">2\u00a0000\u00a0000,-\u00a0K\u010d<\/p>\n<p><strong>Splaceno:\u00a0100\u00a0%<\/strong><\/div><\/div> <\/div>\n<div class=\"su-row\"><div class=\"su-column su-column-size-1-3\"><div class=\"su-column-inner su-u-clearfix su-u-trim\"><strong>Ostatn\u00ed skute\u010dnosti:<\/strong><\/div><\/div> <div class=\"su-column su-column-size-2-3\"><div class=\"su-column-inner su-u-clearfix su-u-trim\">Obchodn\u00ed korporace se pod\u0159\u00eddila z\u00e1konu jako celku postupem podle \u00a7 777 odst. 5 z\u00e1kona \u010d. 90\/2012 Sb., o obchodn\u00edch spole\u010dnostech a dru\u017estvech.<\/div><\/div> <\/div>\n","protected":false},"excerpt":{"rendered":"","protected":false},"author":1,"featured_media":0,"parent":0,"menu_order":0,"comment_status":"open","ping_status":"open","template":"","meta":{"footnotes":""},"class_list":["post-9","page","type-page","status-publish","hentry"],"yoast_head":"<!-- This site is optimized with the Yoast SEO plugin v27.2 - https:\/\/yoast.com\/product\/yoast-seo-wordpress\/ -->\n<title>Org\u00e1ny spole\u010dnosti - Zeminvest a.s.<\/title>\n<meta name=\"robots\" content=\"index, follow, max-snippet:-1, max-image-preview:large, max-video-preview:-1\" \/>\n<link rel=\"canonical\" href=\"https:\/\/zeminvest.cz\/?page_id=9\" \/>\n<meta property=\"og:locale\" content=\"cs_CZ\" \/>\n<meta property=\"og:type\" content=\"article\" \/>\n<meta property=\"og:title\" content=\"Org\u00e1ny spole\u010dnosti - Zeminvest a.s.\" \/>\n<meta property=\"og:url\" content=\"https:\/\/zeminvest.cz\/?page_id=9\" \/>\n<meta property=\"og:site_name\" content=\"Zeminvest a.s.\" \/>\n<meta property=\"article:modified_time\" content=\"2020-03-11T15:28:49+00:00\" \/>\n<meta name=\"twitter:card\" content=\"summary_large_image\" \/>\n<meta name=\"twitter:label1\" content=\"Odhadovan\u00e1 doba \u010dten\u00ed\" \/>\n\t<meta name=\"twitter:data1\" content=\"1 minuta\" \/>\n<script type=\"application\/ld+json\" class=\"yoast-schema-graph\">{\"@context\":\"https:\/\/schema.org\",\"@graph\":[{\"@type\":\"WebPage\",\"@id\":\"https:\/\/zeminvest.cz\/?page_id=9\",\"url\":\"https:\/\/zeminvest.cz\/?page_id=9\",\"name\":\"Org\u00e1ny spole\u010dnosti - Zeminvest a.s.\",\"isPartOf\":{\"@id\":\"https:\/\/zeminvest.cz\/#website\"},\"datePublished\":\"2014-06-12T13:21:36+00:00\",\"dateModified\":\"2020-03-11T15:28:49+00:00\",\"breadcrumb\":{\"@id\":\"https:\/\/zeminvest.cz\/?page_id=9#breadcrumb\"},\"inLanguage\":\"cs\",\"potentialAction\":[{\"@type\":\"ReadAction\",\"target\":[\"https:\/\/zeminvest.cz\/?page_id=9\"]}]},{\"@type\":\"BreadcrumbList\",\"@id\":\"https:\/\/zeminvest.cz\/?page_id=9#breadcrumb\",\"itemListElement\":[{\"@type\":\"ListItem\",\"position\":1,\"name\":\"Dom\u016f\",\"item\":\"https:\/\/zeminvest.cz\/\"},{\"@type\":\"ListItem\",\"position\":2,\"name\":\"Org\u00e1ny spole\u010dnosti\"}]},{\"@type\":\"WebSite\",\"@id\":\"https:\/\/zeminvest.cz\/#website\",\"url\":\"https:\/\/zeminvest.cz\/\",\"name\":\"Zeminvest a.s.\",\"description\":\"\",\"potentialAction\":[{\"@type\":\"SearchAction\",\"target\":{\"@type\":\"EntryPoint\",\"urlTemplate\":\"https:\/\/zeminvest.cz\/?s={search_term_string}\"},\"query-input\":{\"@type\":\"PropertyValueSpecification\",\"valueRequired\":true,\"valueName\":\"search_term_string\"}}],\"inLanguage\":\"cs\"}]}<\/script>\n<!-- \/ Yoast SEO plugin. -->","yoast_head_json":{"title":"Org\u00e1ny spole\u010dnosti - Zeminvest a.s.","robots":{"index":"index","follow":"follow","max-snippet":"max-snippet:-1","max-image-preview":"max-image-preview:large","max-video-preview":"max-video-preview:-1"},"canonical":"https:\/\/zeminvest.cz\/?page_id=9","og_locale":"cs_CZ","og_type":"article","og_title":"Org\u00e1ny spole\u010dnosti - Zeminvest a.s.","og_url":"https:\/\/zeminvest.cz\/?page_id=9","og_site_name":"Zeminvest a.s.","article_modified_time":"2020-03-11T15:28:49+00:00","twitter_card":"summary_large_image","twitter_misc":{"Odhadovan\u00e1 doba \u010dten\u00ed":"1 minuta"},"schema":{"@context":"https:\/\/schema.org","@graph":[{"@type":"WebPage","@id":"https:\/\/zeminvest.cz\/?page_id=9","url":"https:\/\/zeminvest.cz\/?page_id=9","name":"Org\u00e1ny spole\u010dnosti - Zeminvest a.s.","isPartOf":{"@id":"https:\/\/zeminvest.cz\/#website"},"datePublished":"2014-06-12T13:21:36+00:00","dateModified":"2020-03-11T15:28:49+00:00","breadcrumb":{"@id":"https:\/\/zeminvest.cz\/?page_id=9#breadcrumb"},"inLanguage":"cs","potentialAction":[{"@type":"ReadAction","target":["https:\/\/zeminvest.cz\/?page_id=9"]}]},{"@type":"BreadcrumbList","@id":"https:\/\/zeminvest.cz\/?page_id=9#breadcrumb","itemListElement":[{"@type":"ListItem","position":1,"name":"Dom\u016f","item":"https:\/\/zeminvest.cz\/"},{"@type":"ListItem","position":2,"name":"Org\u00e1ny spole\u010dnosti"}]},{"@type":"WebSite","@id":"https:\/\/zeminvest.cz\/#website","url":"https:\/\/zeminvest.cz\/","name":"Zeminvest a.s.","description":"","potentialAction":[{"@type":"SearchAction","target":{"@type":"EntryPoint","urlTemplate":"https:\/\/zeminvest.cz\/?s={search_term_string}"},"query-input":{"@type":"PropertyValueSpecification","valueRequired":true,"valueName":"search_term_string"}}],"inLanguage":"cs"}]}},"_links":{"self":[{"href":"https:\/\/zeminvest.cz\/index.php?rest_route=\/wp\/v2\/pages\/9","targetHints":{"allow":["GET"]}}],"collection":[{"href":"https:\/\/zeminvest.cz\/index.php?rest_route=\/wp\/v2\/pages"}],"about":[{"href":"https:\/\/zeminvest.cz\/index.php?rest_route=\/wp\/v2\/types\/page"}],"author":[{"embeddable":true,"href":"https:\/\/zeminvest.cz\/index.php?rest_route=\/wp\/v2\/users\/1"}],"replies":[{"embeddable":true,"href":"https:\/\/zeminvest.cz\/index.php?rest_route=%2Fwp%2Fv2%2Fcomments&post=9"}],"version-history":[{"count":1,"href":"https:\/\/zeminvest.cz\/index.php?rest_route=\/wp\/v2\/pages\/9\/revisions"}],"predecessor-version":[{"id":98,"href":"https:\/\/zeminvest.cz\/index.php?rest_route=\/wp\/v2\/pages\/9\/revisions\/98"}],"wp:attachment":[{"href":"https:\/\/zeminvest.cz\/index.php?rest_route=%2Fwp%2Fv2%2Fmedia&parent=9"}],"curies":[{"name":"wp","href":"https:\/\/api.w.org\/{rel}","templated":true}]}}