{"id":99,"date":"2025-11-19T21:21:00","date_gmt":"2025-11-19T20:21:00","guid":{"rendered":"https:\/\/zeminvest.cz\/?page_id=99"},"modified":"2025-11-19T21:26:16","modified_gmt":"2025-11-19T20:26:16","slug":"projekty-prv","status":"publish","type":"page","link":"https:\/\/zeminvest.cz\/?page_id=99","title":{"rendered":"Projekt PRV 2023"},"content":{"rendered":"\n<div class=\"wp-block-image\"><figure class=\"aligncenter size-large is-resized\"><img loading=\"lazy\" decoding=\"async\" src=\"https:\/\/zeminvest.cz\/wp-content\/uploads\/2025\/11\/Projekt-PRV-2023-1024x766.png\" alt=\"\" class=\"wp-image-105\" width=\"768\" height=\"575\" srcset=\"https:\/\/zeminvest.cz\/wp-content\/uploads\/2025\/11\/Projekt-PRV-2023-1024x766.png 1024w, https:\/\/zeminvest.cz\/wp-content\/uploads\/2025\/11\/Projekt-PRV-2023-300x224.png 300w, https:\/\/zeminvest.cz\/wp-content\/uploads\/2025\/11\/Projekt-PRV-2023-768x575.png 768w, https:\/\/zeminvest.cz\/wp-content\/uploads\/2025\/11\/Projekt-PRV-2023-1536x1149.png 1536w, https:\/\/zeminvest.cz\/wp-content\/uploads\/2025\/11\/Projekt-PRV-2023-2048x1532.png 2048w, https:\/\/zeminvest.cz\/wp-content\/uploads\/2025\/11\/Projekt-PRV-2023.png 2088w\" sizes=\"auto, (max-width: 768px) 100vw, 768px\" \/><\/figure><\/div>\n","protected":false},"excerpt":{"rendered":"","protected":false},"author":1,"featured_media":0,"parent":0,"menu_order":0,"comment_status":"closed","ping_status":"closed","template":"","meta":{"footnotes":""},"class_list":["post-99","page","type-page","status-publish","hentry"],"yoast_head":"<!-- This site is optimized with the Yoast SEO plugin v27.2 - https:\/\/yoast.com\/product\/yoast-seo-wordpress\/ -->\n<title>Projekt PRV 2023 - Zeminvest a.s.<\/title>\n<meta name=\"robots\" content=\"index, follow, max-snippet:-1, max-image-preview:large, max-video-preview:-1\" \/>\n<link rel=\"canonical\" href=\"https:\/\/zeminvest.cz\/?page_id=99\" \/>\n<meta property=\"og:locale\" content=\"cs_CZ\" \/>\n<meta property=\"og:type\" content=\"article\" \/>\n<meta property=\"og:title\" content=\"Projekt PRV 2023 - Zeminvest a.s.\" \/>\n<meta property=\"og:url\" content=\"https:\/\/zeminvest.cz\/?page_id=99\" \/>\n<meta property=\"og:site_name\" content=\"Zeminvest a.s.\" \/>\n<meta property=\"article:modified_time\" content=\"2025-11-19T20:26:16+00:00\" \/>\n<meta property=\"og:image\" content=\"https:\/\/zeminvest.cz\/wp-content\/uploads\/2025\/11\/Projekt-PRV-2023-1024x766.png\" \/>\n<meta name=\"twitter:card\" content=\"summary_large_image\" \/>\n<meta name=\"twitter:label1\" content=\"Odhadovan\u00e1 doba \u010dten\u00ed\" \/>\n\t<meta name=\"twitter:data1\" content=\"1 minuta\" \/>\n<script type=\"application\/ld+json\" class=\"yoast-schema-graph\">{\"@context\":\"https:\/\/schema.org\",\"@graph\":[{\"@type\":\"WebPage\",\"@id\":\"https:\/\/zeminvest.cz\/?page_id=99\",\"url\":\"https:\/\/zeminvest.cz\/?page_id=99\",\"name\":\"Projekt PRV 2023 - Zeminvest a.s.\",\"isPartOf\":{\"@id\":\"https:\/\/zeminvest.cz\/#website\"},\"primaryImageOfPage\":{\"@id\":\"https:\/\/zeminvest.cz\/?page_id=99#primaryimage\"},\"image\":{\"@id\":\"https:\/\/zeminvest.cz\/?page_id=99#primaryimage\"},\"thumbnailUrl\":\"https:\/\/zeminvest.cz\/wp-content\/uploads\/2025\/11\/Projekt-PRV-2023-1024x766.png\",\"datePublished\":\"2025-11-19T20:21:00+00:00\",\"dateModified\":\"2025-11-19T20:26:16+00:00\",\"breadcrumb\":{\"@id\":\"https:\/\/zeminvest.cz\/?page_id=99#breadcrumb\"},\"inLanguage\":\"cs\",\"potentialAction\":[{\"@type\":\"ReadAction\",\"target\":[\"https:\/\/zeminvest.cz\/?page_id=99\"]}]},{\"@type\":\"ImageObject\",\"inLanguage\":\"cs\",\"@id\":\"https:\/\/zeminvest.cz\/?page_id=99#primaryimage\",\"url\":\"https:\/\/zeminvest.cz\/wp-content\/uploads\/2025\/11\/Projekt-PRV-2023.png\",\"contentUrl\":\"https:\/\/zeminvest.cz\/wp-content\/uploads\/2025\/11\/Projekt-PRV-2023.png\",\"width\":2088,\"height\":1562},{\"@type\":\"BreadcrumbList\",\"@id\":\"https:\/\/zeminvest.cz\/?page_id=99#breadcrumb\",\"itemListElement\":[{\"@type\":\"ListItem\",\"position\":1,\"name\":\"Dom\u016f\",\"item\":\"https:\/\/zeminvest.cz\/\"},{\"@type\":\"ListItem\",\"position\":2,\"name\":\"Projekt PRV 2023\"}]},{\"@type\":\"WebSite\",\"@id\":\"https:\/\/zeminvest.cz\/#website\",\"url\":\"https:\/\/zeminvest.cz\/\",\"name\":\"Zeminvest a.s.\",\"description\":\"\",\"potentialAction\":[{\"@type\":\"SearchAction\",\"target\":{\"@type\":\"EntryPoint\",\"urlTemplate\":\"https:\/\/zeminvest.cz\/?s={search_term_string}\"},\"query-input\":{\"@type\":\"PropertyValueSpecification\",\"valueRequired\":true,\"valueName\":\"search_term_string\"}}],\"inLanguage\":\"cs\"}]}<\/script>\n<!-- \/ Yoast SEO plugin. -->","yoast_head_json":{"title":"Projekt PRV 2023 - Zeminvest a.s.","robots":{"index":"index","follow":"follow","max-snippet":"max-snippet:-1","max-image-preview":"max-image-preview:large","max-video-preview":"max-video-preview:-1"},"canonical":"https:\/\/zeminvest.cz\/?page_id=99","og_locale":"cs_CZ","og_type":"article","og_title":"Projekt PRV 2023 - Zeminvest a.s.","og_url":"https:\/\/zeminvest.cz\/?page_id=99","og_site_name":"Zeminvest a.s.","article_modified_time":"2025-11-19T20:26:16+00:00","og_image":[{"url":"https:\/\/zeminvest.cz\/wp-content\/uploads\/2025\/11\/Projekt-PRV-2023-1024x766.png","type":"","width":"","height":""}],"twitter_card":"summary_large_image","twitter_misc":{"Odhadovan\u00e1 doba \u010dten\u00ed":"1 minuta"},"schema":{"@context":"https:\/\/schema.org","@graph":[{"@type":"WebPage","@id":"https:\/\/zeminvest.cz\/?page_id=99","url":"https:\/\/zeminvest.cz\/?page_id=99","name":"Projekt PRV 2023 - Zeminvest a.s.","isPartOf":{"@id":"https:\/\/zeminvest.cz\/#website"},"primaryImageOfPage":{"@id":"https:\/\/zeminvest.cz\/?page_id=99#primaryimage"},"image":{"@id":"https:\/\/zeminvest.cz\/?page_id=99#primaryimage"},"thumbnailUrl":"https:\/\/zeminvest.cz\/wp-content\/uploads\/2025\/11\/Projekt-PRV-2023-1024x766.png","datePublished":"2025-11-19T20:21:00+00:00","dateModified":"2025-11-19T20:26:16+00:00","breadcrumb":{"@id":"https:\/\/zeminvest.cz\/?page_id=99#breadcrumb"},"inLanguage":"cs","potentialAction":[{"@type":"ReadAction","target":["https:\/\/zeminvest.cz\/?page_id=99"]}]},{"@type":"ImageObject","inLanguage":"cs","@id":"https:\/\/zeminvest.cz\/?page_id=99#primaryimage","url":"https:\/\/zeminvest.cz\/wp-content\/uploads\/2025\/11\/Projekt-PRV-2023.png","contentUrl":"https:\/\/zeminvest.cz\/wp-content\/uploads\/2025\/11\/Projekt-PRV-2023.png","width":2088,"height":1562},{"@type":"BreadcrumbList","@id":"https:\/\/zeminvest.cz\/?page_id=99#breadcrumb","itemListElement":[{"@type":"ListItem","position":1,"name":"Dom\u016f","item":"https:\/\/zeminvest.cz\/"},{"@type":"ListItem","position":2,"name":"Projekt PRV 2023"}]},{"@type":"WebSite","@id":"https:\/\/zeminvest.cz\/#website","url":"https:\/\/zeminvest.cz\/","name":"Zeminvest a.s.","description":"","potentialAction":[{"@type":"SearchAction","target":{"@type":"EntryPoint","urlTemplate":"https:\/\/zeminvest.cz\/?s={search_term_string}"},"query-input":{"@type":"PropertyValueSpecification","valueRequired":true,"valueName":"search_term_string"}}],"inLanguage":"cs"}]}},"_links":{"self":[{"href":"https:\/\/zeminvest.cz\/index.php?rest_route=\/wp\/v2\/pages\/99","targetHints":{"allow":["GET"]}}],"collection":[{"href":"https:\/\/zeminvest.cz\/index.php?rest_route=\/wp\/v2\/pages"}],"about":[{"href":"https:\/\/zeminvest.cz\/index.php?rest_route=\/wp\/v2\/types\/page"}],"author":[{"embeddable":true,"href":"https:\/\/zeminvest.cz\/index.php?rest_route=\/wp\/v2\/users\/1"}],"replies":[{"embeddable":true,"href":"https:\/\/zeminvest.cz\/index.php?rest_route=%2Fwp%2Fv2%2Fcomments&post=99"}],"version-history":[{"count":4,"href":"https:\/\/zeminvest.cz\/index.php?rest_route=\/wp\/v2\/pages\/99\/revisions"}],"predecessor-version":[{"id":106,"href":"https:\/\/zeminvest.cz\/index.php?rest_route=\/wp\/v2\/pages\/99\/revisions\/106"}],"wp:attachment":[{"href":"https:\/\/zeminvest.cz\/index.php?rest_route=%2Fwp%2Fv2%2Fmedia&parent=99"}],"curies":[{"name":"wp","href":"https:\/\/api.w.org\/{rel}","templated":true}]}}